late k(24).
14
Let h(g) = 2900*g + 623375. What is h(-215)?
-125
Let h(r) = -23*r**2 - 68*r + 119. Determine h(-4).
23
Let q(n) = 2*n**3 - 41*n**2 - 66*n + 828. Calculate q(23).
1955
Let h(x) = -x**3 + 161*x**2 + 483*x + 1479. Determine h(164).
3
Let a(v) = 10915*v - 197974. What is a(18)?
-1504
Let u(a) = a**2 - 79*a - 4591. Determine u(-39).
11
Let v(q) = -61*q**2 - 1708*q + 10. What is v(-28)?
10
Let g(m) = m**3 - 20*m**2 - 135*m - 55. Determine g(-5).
-5
Let s(f) = 68*f**3 + 138*f**2 + 260*f + 509. Give s(-2).
-3
Let a(x) = 3*x**2 + 237*x + 3195. What is a(-15)?
315
Let a(k) = k**3 + 48*k**2 + 483*k + 98. What is a(-14)?
0
Let w(l) = 10*l**2 + 5061*l - 14795. What is w(-509)?
-34
Let x(g) = 6054*g - 811246. Calculate x(134).
-10
Let c(i) = 737*i - 607. Give c(2).
867
Let r(v) = -v**3 + v**2 - 715*v - 1424. Give r(-2).
18
Let w(c) = -3061*c - 31049. Determine w(-9).
-3500
Let d(q) = 819*q - 1306. Calculate d(2).
332
Let q(a) = a**3 - 236*a**2 + 3746*a - 355. Calculate q(17).
36
Let l(v) = 140*v - 132. What is l(1)?
8
Let r(u) = 54*u**2 + 1895*u - 83. Determine r(-35).
-258
Let b(m) = m**3 - 39*m**2 + 254*m - 56. Determine b(31).
130
Let r(t) = -216*t - 8406. Calculate r(-38).
-198
Let s(c) = 14*c**2 - 116*c - 68. Give s(7).
-194
Let t(d) = 7*d**3 - 27*d**2 - 1793*d + 7152. Give t(4).
-4
Let f(h) = -7*h**2 - 1315*h + 3936. Give f(3).
-72
Let n(x) = 53*x**2 + 547*x - 190. What is n(-12)?
878
Let v(w) = 3570*w + 58447. Determine v(-16).
1327
Let x(d) = d**3 - d**2 - 798*d - 8494. What is x(-16)?
-78
Let b(v) = -2*v**3 + 8*v**2 - 1115*v + 6695. Determine b(6).
-139
Let n(u) = -1119*u - 984. What is n(-2)?
1254
Let y(v) = -29*v**3 + 9*v**2 + 4*v - 6. Give y(3).
-696
Let n(q) = -9*q - 624. Give n(19).
-795
Let l(h) = h**3 - 84*h**2 + 798*h + 804. What is l(12)?
12
Let w(v) = 200272*v - 200275. What is w(1)?
-3
Let q(p) = p**2 - 167696*p + 19271812. Give q(115).
-3
Let d(r) = r**3 + 92*r**2 - 989*r - 314. Give d(10).
-4
Let m(f) = -145*f - 2462. Give m(-5).
-1737
Let f(s) = 1265*s + 54185. Determine f(-43).
-210
Let l(i) = i**3 + 35*i**2 + 31*i + 1213. What is l(-35)?
128
Let p(a) = -141*a - 16303. Determine p(-121).
758
Let l(d) = -46*d**2 - 479*d - 54. What is l(-10)?
136
Let a(y) = 76459*y - 76453. What is a(1)?
6
Let p(x) = 2890*x + 8608. Determine p(-3).
-62
Let m(u) = -3*u**2 + 243*u - 3571. Determine m(57).
533
Let n(d) = -73*d**2 + 26866*d - 721. Determine n(368).
15
Let j(x) = -88342*x - 883424. Determine j(-10).
-4
Let w(k) = 14*k**3 + 54*k**2 + 285*k + 692. What is w(-3)?
-55
Let l(u) = -503*u + 6635. Give l(9).
2108
Let d(g) = -g**2 + 99*g + 18149. Calculate d(-108).
-4207
Let w(g) = 4929*g + 3097. Give w(-1).
-1832
Let m(c) = -2*c**2 + 1120*c - 156244. What is m(298)?
-92
Let b(i) = -i**3 + 58*i**2 - 204*i + 2119. What is b(55)?
-26
Let y(x) = -2472*x + 595766. What is y(241)?
14
Let l(r) = 1193*r - 2210. What is l(4)?
2562
Let u(c) = -c**3 - 13*c**2 + 376*c + 5822. Determine u(-16).
574
Let r(d) = 12955*d + 65133. Determine r(-5).
358
Let u(d) = 10*d**3 - 97*d**2 + 145*d - 743. Determine u(9).
-5
Let o(m) = 3888*m - 909787. Give o(234).
5
Let h(i) = -4602*i - 41527. Determine h(-9).
-109
Let k(t) = -10*t - 1924. What is k(-170)?
-224
Let j(y) = -2*y**3 + 163*y**2 - 75*y - 493. Determine j(81).
-7
Let b(k) = 456*k + 729. Determine b(-4).
-1095
Let w(i) = i**3 - 65*i**2 - 105*i + 6851. What is w(65)?
26
Let z(p) = -78*p + 17. What is z(-2)?
173
Let u(z) = -5948*z + 416361. What is u(70)?
1
Let d(j) = j**3 - 66*j**2 + 876*j - 262. Calculate d(18).
-46
Let w(l) = 1747*l - 5076. What is w(3)?
165
Let z(v) = v**3 - 3*v**2 - 15*v - 38. Give z(7).
53
Let a(l) = -l**2 - 332*l - 7877. Calculate a(-30).
1183
Let h(o) = 281*o - 767. Give h(2).
-205
Let y(t) = -6*t**3 - 149*t**2 - 446*t - 1742. Determine y(-22).
-158
Let d(p) = 171*p - 787. What is d(13)?
1436
Let w(l) = -136*l + 936. Calculate w(47).
-5456
Let a(f) = -1449*f + 253581. Calculate a(175).
6
Let s(m) = 100320*m - 1304163. Determine s(13).
-3
Let h(s) = 2694*s + 27473. What is h(-10)?
533
Let x(n) = -42058*n + 841149. Calculate x(20).
-11
Let t(d) = d**2 - 252*d - 61467. Calculate t(-152).
-59
Let m(x) = -2*x**2 - 807*x - 48847. What is m(-329)?
174
Let s(i) = -i**3 + 30*i**2 + 56*i - 3273. Determine s(12).
-9
Let q(f) = -2*f**3 - 318*f**2 + 57*f + 7737. Give q(-159).
-1326
Let v(x) = -24572*x - 565100. Calculate v(-23).
56
Let r(l) = -8369*l + 2008574. Determine r(240).
14
Let d(t) = -t**3 + 24*t**2 - 56*t + 673. Determine d(20).
1153
Let n(w) = -48*w**2 + 810*w - 8. Calculate n(17).
-110
Let b(c) = -25*c - 1405. Determine b(-26).
-755
Let a(v) = 8*v**2 - 740*v + 2495. Calculate a(89).
3
Let a(w) = 32*w**3 + 72*w**2 - 36. What is a(-2)?
-4
Let y(t) = 56888*t + 8021178. What is y(-141)?
-30
Let p(x) = 13855*x + 166262. Determine p(-12).
2
Let z(n) = 226687*n + 1813427. Calculate z(-8).
-69
Let d(s) = -s**3 - 33*s**2 - 267*s - 334. What is d(-21)?
-19
Let s(y) = 1059*y - 38122. Give s(36).
2
Let z(p) = -3*p**3 + 57*p**2 + 82*p - 1535. Determine z(19).
23
Let k(n) = n**3 - 87*n**2 + 1889*n + 201. What is k(46)?
339
Let i(p) = 36*p**2 + 337*p + 28. What is i(-10)?
258
Let u(g) = 2*g**3 - 12*g**2 + 138*g - 536. Calculate u(4).
-48
Let g(b) = b**3 + 76*b**2 + 67*b + 22. Determine g(-75).
622
Let d(y) = 26*y**2 + 931*y - 5523. Calculate d(-41).
12
Let s(n) = -n**3 - 87*n**2 - 229*n + 1891. Give s(-84).
-41
Let w(v) = 208*v**2 - 7916*v + 73. Determine w(38).
-383
Let s(l) = -16*l**2 + 1771*l - 11158. What is s(104)?
-30
Let u(o) = 491*o**2 + 32309*o - 6388. What is u(-66)?
14
Let z(w) = -w**3 + 47*w**2 - 9*w - 1767. What is z(46)?
-65
Let t(f) = -f**3 - 134*f**2 - 4006*f - 118. Give t(-89).
-29
Let n(q) = -1065*q + 2641. Calculate n(2).
511
Let n(l) = 2400*l - 26322. What is n(11)?
78
Let v(g) = 2635*g**2 - 17*g + 3. What is v(0)?
3
Let i(t) = -6*t**3 - 207*t**2 + 110*t + 84. Calculate i(-35).
-91
Let p(d) = -d**2 - 22949*d + 873524. Determine p(38).
18
Let c(v) = -4514*v - 126614. Give c(-28).
-222
Let d(n) = -15*n**3 + 12*n**2 + 30*n - 168. Determine d(-6).
3324
Let n(d) = 271*d - 7947. What is n(10)?
-5237
Let z(m) = 44*m**2 - m - 363. Determine z(0).
-363
Let k(t) = t**3 + 226*t**2 - 3*t - 305. What is k(0)?
-305
Let u(f) = -2597*f + 18696. What is u(7)?
517
Let m(y) = 173*y**2 - 5359*y - 123. Calculate m(31).
1
Let f(q) = 3*q**3 + 407*q**2 - 134*q - 1068. Calculate f(-136).
-1340
Let y(l) = 79792*l + 478783. What is y(-6)?
31
Let g(f) = f**3 - 155*f**2 - 8275*f + 313. Give g(197).
116
Let i(t) = t**2 - 85*t - 34468. What is i(-148)?
16
Let v(y) = -798*y**2 + 803*y + 5. Calculate v(1).
10
Let i(w) = -10*w**2 + 1458*w + 4457. Determine i(-3).
-7
Let s(q) = q**3 - 98*q**2 - 1072*q + 82. What is s(-10)?
2
Let l(v) = v**2 - 70*v + 1967. Determine l(67).
1766
Let j(a) = a**3 + 6*a**2 - 24*a + 41. Give j(0).
41
Let o(p) = -65*p**3 + 10*p**2 - 138*p + 496. Determine o(4).
-4056
Let p(r) = -734*r - 5088. Determine p(-7).
50
Let y(g) = 4276*g + 46987. What is y(-11)?
-49
Let x(v) = 274*v - 2613. Determine x(11).
401
Let s(m) = m**3 + 183*m**2 + 5184*m + 151. Determine s(-35).
11
Let p(q) = q**2 - 4304*q - 34495. Give p(-8).
1
Let n(m) = 61*m - 2907. Calculate n(58).
631
Let a(l) = 3*l**2 + 4703*l + 51821. What is a(-11)?
451
Let m(o) = -8491*o + 1672548. What is m(197)?
-179
Let i(h) = 868*h + 57529. Calculate i(-66).
241
Let x(z) = 1261*z**3 - 51700*z**2 - 41*z - 12. Give x(41).
-12
Let z(k) = -32*k**3 - k**2 - 2405*k - 2405. Give z(-1).
31
Let j(h) = -h**3 - 3374*h**2 - 20229*h - 120. What is j(-6)?
6
Let f(n) = n**2 - 202*n - 8824. Determine f(-35).
-529
Let k(l) = l**3 - 362*l**2 - 1804*l + 156. Calculate k(-5).
1
Let s(i) = -436412*i + 112157877. Give s(257).
-7
Let h(d) = d**2 + 3068533*d. Determine h(0).
0
Let h(a) = a**2 + 329*a - 63758. Determine h(137).
84
Let z(k) = -42348*k - 677575. What is z(-16)?
-7
Let a(j) = -2*j**2 - 723*j - 30090. What is a(-48)?
6
Let t(y) = -5520*y + 93770. Determine t(17).
-70
Let p(x) = 148*x - 1778. What is p(19)?
1034
Let h(n) = -2*n**2 - 23*n + 3991. Give h(53).
-2846
Let r(v) = -69*v**2 - 5199*v + 63218. What is r(-86)?
8
Let d(x) = x**3 + 11*x**2 - 57*x + 726. What is d(-19)?
-1079
Let i(m) = -50*m**2 + 619*m + 4306. Determine i(-7).
-2477
Let k(